{"id":4,"date":"2015-04-23T08:10:39","date_gmt":"2015-04-23T06:10:39","guid":{"rendered":"http:\/\/www.dobrafarma.sk\/?page_id=4"},"modified":"2015-07-19T08:11:05","modified_gmt":"2015-07-19T06:11:05","slug":"o-nas","status":"publish","type":"page","link":"https:\/\/www.dobrafarma.sk\/?page_id=4","title":{"rendered":"O n\u00e1s"},"content":{"rendered":"<p><span style=\"color: #222222;\">Ahojte, sme DOBR\u00c1 FARMA. Rob\u00edme v\u0161etko pre to, aby to, \u010do v\u00e1m pon\u00fakneme, dobr\u00e9 naozaj bolo&#8230; Moment\u00e1lne sa zaober\u00e1me chovom dom\u00e1cich moriek a kureniec. \u00a0Chov\u00e1me ich p\u0161enicou, kukuricou, BEZ ANTIBIT\u00cdK, \u010di \u00a0in\u00fdch lie\u010div alebo ch\u00e9mie&#8230; Denne s\u00fa vo v\u00fdbehu so slnie\u010dkom&#8230;Aj my m\u00e1me deti a vlastne to je aj d\u00f4vod, pre\u010do sme s t\u00fdm v\u00f4bec za\u010dali. Chceme vedie\u0165, \u010do jedia&#8230;a \u017ee jedia zdravo&#8230;<\/span><\/p>\n<p><span style=\"color: #222222;\">Dovo\u013ete, aby sme sa v\u00e1m v skratke predstavili&#8230; Sme mal\u00e1 rodinn\u00e1 farma( Radko a Janka a na\u0161e 3 princezn\u00e9- Emmka, Ninka a Leu\u0161ka). S man\u017eelom sme obaja vy\u0161tudovan\u00ed zootechnici, t\u00e1to pr\u00e1ca n\u00e1s ( ale hlavne man\u017eela) ve\u013emi bav\u00ed;\u00a0 a ke\u010f\u017ee m\u00e1me mal\u00e9 deti a z\u00e1le\u017e\u00ed n\u00e1m na tom, \u010do bud\u00fa jes\u0165, za\u010dali sme\u00a0pred p\u00e1r rokmi\u00a0spolu s na\u0161im kamar\u00e1tom chova\u0165 p\u00e1r k\u00faskov moriek pre na\u0161e rodiny. Postupne prejavili z\u00e1ujem priatelia, nesk\u00f4r aj priatelia priate\u013eov a tak sme sa rozhodli zalo\u017ei\u0165 &#8222;Dobr\u00fa Farmu&#8220;. Sme tu pre to, aby sme mohli pon\u00faknu\u0165 zdrav\u00e9 m\u00e4sko pre v\u00e1s, rodiny s mal\u00fdmi de\u0165mi\u00a0 a tie\u017e v\u0161etk\u00fdm z\u00e1ujemcom o zdrav\u00fa v\u00fd\u017eivu.\u00a0<\/span><br style=\"color: #222222;\" \/><br style=\"color: #222222;\" \/><span style=\"color: #222222;\">Sme tu pre ka\u017ed\u00e9ho, rob\u00ed n\u00e1m rados\u0165 robi\u0165 rados\u0165&#8230;<\/span><\/p>\n<p>&nbsp;<\/p>\n<p>&nbsp;<\/p>\n<p><a href=\"http:\/\/www.dobrafarma.sk\/wp-content\/uploads\/2015\/04\/E.+N+D\u017eina-sa-usmieva-pekn\u00e9-kon\u00ed\u010dky-+bzovsk\u00e1-26.7.2014-290.jpg\"><img loading=\"lazy\" decoding=\"async\" class=\"  wp-image-38 aligncenter\" src=\"http:\/\/www.dobrafarma.sk\/wp-content\/uploads\/2015\/04\/E.+N+D\u017eina-sa-usmieva-pekn\u00e9-kon\u00ed\u010dky-+bzovsk\u00e1-26.7.2014-290-300x225.jpg\" alt=\"E.+N+D\u017eina sa usmieva- pekn\u00e9 kon\u00ed\u010dky +bzovsk\u00e1 26.7.2014 290\" width=\"290\" height=\"218\" srcset=\"https:\/\/www.dobrafarma.sk\/wp-content\/uploads\/2015\/04\/E.+N+D\u017eina-sa-usmieva-pekn\u00e9-kon\u00ed\u010dky-+bzovsk\u00e1-26.7.2014-290-300x225.jpg 300w, https:\/\/www.dobrafarma.sk\/wp-content\/uploads\/2015\/04\/E.+N+D\u017eina-sa-usmieva-pekn\u00e9-kon\u00ed\u010dky-+bzovsk\u00e1-26.7.2014-290-1024x768.jpg 1024w, https:\/\/www.dobrafarma.sk\/wp-content\/uploads\/2015\/04\/E.+N+D\u017eina-sa-usmieva-pekn\u00e9-kon\u00ed\u010dky-+bzovsk\u00e1-26.7.2014-290-1x1.jpg 1w\" sizes=\"auto, (max-width: 290px) 100vw, 290px\" \/><\/a><\/p>\n","protected":false},"excerpt":{"rendered":"<p>Ahojte, sme DOBR\u00c1 FARMA. Rob\u00edme v\u0161etko pre to, aby to, \u010do v\u00e1m pon\u00fakneme, dobr\u00e9 naozaj bolo&#8230; Moment\u00e1lne sa zaober\u00e1me chovom dom\u00e1cich moriek a kureniec. \u00a0Chov\u00e1me ich p\u0161enicou, kukuricou, BEZ ANTIBIT\u00cdK, \u010di \u00a0in\u00fdch lie\u010div alebo ch\u00e9mie&#8230; Denne s\u00fa vo v\u00fdbehu so slnie\u010dkom&#8230;Aj my m\u00e1me deti a vlastne to je aj d\u00f4vod, pre\u010do sme s t\u00fdm v\u00f4bec [&hellip;]<\/p>\n","protected":false},"author":1,"featured_media":38,"parent":0,"menu_order":1,"comment_status":"closed","ping_status":"closed","template":"","meta":{"footnotes":""},"class_list":["post-4","page","type-page","status-publish","has-post-thumbnail","hentry"],"_links":{"self":[{"href":"https:\/\/www.dobrafarma.sk\/index.php?rest_route=\/wp\/v2\/pages\/4","targetHints":{"allow":["GET"]}}],"collection":[{"href":"https:\/\/www.dobrafarma.sk\/index.php?rest_route=\/wp\/v2\/pages"}],"about":[{"href":"https:\/\/www.dobrafarma.sk\/index.php?rest_route=\/wp\/v2\/types\/page"}],"author":[{"embeddable":true,"href":"https:\/\/www.dobrafarma.sk\/index.php?rest_route=\/wp\/v2\/users\/1"}],"replies":[{"embeddable":true,"href":"https:\/\/www.dobrafarma.sk\/index.php?rest_route=%2Fwp%2Fv2%2Fcomments&post=4"}],"version-history":[{"count":14,"href":"https:\/\/www.dobrafarma.sk\/index.php?rest_route=\/wp\/v2\/pages\/4\/revisions"}],"predecessor-version":[{"id":194,"href":"https:\/\/www.dobrafarma.sk\/index.php?rest_route=\/wp\/v2\/pages\/4\/revisions\/194"}],"wp:featuredmedia":[{"embeddable":true,"href":"https:\/\/www.dobrafarma.sk\/index.php?rest_route=\/wp\/v2\/media\/38"}],"wp:attachment":[{"href":"https:\/\/www.dobrafarma.sk\/index.php?rest_route=%2Fwp%2Fv2%2Fmedia&parent=4"}],"curies":[{"name":"wp","href":"https:\/\/api.w.org\/{rel}","templated":true}]}}